{"id":1100,"date":"2026-05-08T21:39:14","date_gmt":"2026-05-08T21:39:14","guid":{"rendered":"https:\/\/eime.redcimates.org\/event\/?page_id=1100"},"modified":"2026-05-09T00:34:24","modified_gmt":"2026-05-09T00:34:24","slug":"comisiones-xxix","status":"publish","type":"page","link":"https:\/\/eime.redcimates.org\/event\/comisiones-xxix\/","title":{"rendered":"Comisiones XXIX"},"content":{"rendered":"\n<figure class=\"wp-block-table\"><table><thead><tr><th>Actividad Acad\u00e9mica<\/th><th>Comisi\u00f3n<\/th><th>Correo<\/th><\/tr><\/thead><tbody><tr><td>&nbsp;Grupos tem\u00e1ticos<\/td><td>Dra.<strong> <\/strong>Bertha Ivonne S\u00e1nchez Lujan<\/td><td>&nbsp;<a href=\"mailto:grupos.tematicos.eime@gmail.com\">grupos.tematicos.eime@gmail.com<\/a>&nbsp;<\/td><\/tr><tr><td>&nbsp;Laboratorios<\/td><td>M en C. Mois\u00e9s R. Miguel Aguilar; Francisco Agust\u00edn Zu\u00f1iga Coronel<\/td><td>&nbsp;<a href=\"mailto:laboratorios.eime@gmail.com\">laboratorios.eime@gmail.com<\/a>&nbsp;<\/td><\/tr><tr><td>Seminarios en matem\u00e1tica educativa<\/td><td>Dra. Magali M\u00e9ndez Guevara<br>Dra. Claudia Cen; Mtra. Irma Daniela Viramontes Acu\u00f1a<\/td><td>&nbsp;<a href=\"mailto:seminarios.eime@gmail.com\">seminarios.eime@gmail.com<\/a>&nbsp;<\/td><\/tr><tr><td>&nbsp;Ponencias<\/td><td>Reportes de Investigaci\u00f3n. Dra. Mar\u00eda Guadalpe Sim\u00f3n Ramos<\/td><td><a href=\"mailto:reportes.eime@gmail.com\">reportes.eime@gmail.com&nbsp;<\/a>&nbsp;<\/td><\/tr><tr><td>&nbsp;<\/td><td>Avances de Investigac<strong>i<\/strong>\u00f3n Dr. Luis Manuel Cabrera Chim<\/td><td>&nbsp;<a href=\"mailto:avances.eime@gmail.com\">avances.eime@gmail.com<\/a>&nbsp;<\/td><\/tr><tr><td>&nbsp;<\/td><td>Experiencias did\u00e1cticas. Eduardo Brice\u00f1o Sol\u00eds<\/td><td>&nbsp;<a href=\"mailto:experiencias.eime@gmail.com\">experiencias.eime@gmail.com<\/a>&nbsp;&nbsp;<\/td><\/tr><tr><td>&nbsp;Carteles<\/td><td>Dra. Liliana Su\u00e1rez T\u00e9llez: M. en C. Adriana Atenea de la Cruz Ramos<\/td><td><a href=\"mailto:carteles.eime@gmail.com\">carteles.eime@gmail.com<\/a>&nbsp;&nbsp;<\/td><\/tr><tr><td>Concurso de Videos y Fotograf\u00eda<\/td><td>Leidy Hern\u00e1ndez Mesa: Nancy Marquina Molina<\/td><td><a href=\"mailto:concurso.eime@gmail.com\">concurso.eime@gmail.com<\/a>&nbsp;<\/td><\/tr><tr><td>Difusi\u00f3n de obras<\/td><td>Dr. Jos\u00e9 Trinidad Ulloa<br>Mtra. Daniela Viramontes<\/td><td><a href=\"mailto:jtulloa@uan.edu.mx\">jtulloa@uan.edu.mx<\/a>&nbsp;&nbsp;<\/td><\/tr><tr><td>Materiales Did\u00e1cticos<br><\/td><td>Dra. Carolina Carrillo; Dr. Iv\u00e1n L\u00f3pez; Dra. Catalina Navarro Sandoval<\/td><td><\/td><\/tr><tr><td>Seminario de Doctorado<\/td><td>Mtra. Ingrid Quilantan <br>Mtro. David<br>Mtro. xxx Pi\u00f1a<br><\/td><td><\/td><\/tr><tr><td>Comisi\u00f3n de sistema de la EIME<br>P\u00e1gina Web<\/td><td>Dr. Luis Manuel Cabrerra Chim<\/td><td><a href=\"mailto:eimecimate@gmail.com\">eimecimates@gmail.com<\/a><\/td><\/tr><tr><td>Comite Nacional EIME XXVII<\/td><td>Isabel Tuyub<br>Dr. Jes\u00fas Pinto<br>Dra. Martha Imelda Jarero<br>Estelita Garc\u00eda<br><\/td><td><a href=\"mailto:eimecimate@gmail.com\">eimecimates@gmail.com<\/a><\/td><\/tr><tr><td>Talleres<\/td><td>Dra. Lilia Ake<\/td><td><\/td><\/tr><\/tbody><\/table><\/figure>\n\n\n\n<p><\/p>\n","protected":false},"excerpt":{"rendered":"<p>Actividad Acad\u00e9mica Comisi\u00f3n Correo &nbsp;Grupos tem\u00e1ticos Dra. Bertha Ivonne S\u00e1nchez Lujan &nbsp;grupos.tematicos.eime@gmail.com&nbsp; &nbsp;Laboratorios M en C. Mois\u00e9s R. Miguel Aguilar; Francisco Agust\u00edn Zu\u00f1iga Coronel &nbsp;laboratorios.eime@gmail.com&nbsp; Seminarios en matem\u00e1tica educativa Dra. Magali M\u00e9ndez GuevaraDra. Claudia Cen; Mtra. Irma Daniela Viramontes Acu\u00f1a &hellip; <a href=\"https:\/\/eime.redcimates.org\/event\/comisiones-xxix\/\">Continuar<\/a><\/p>\n","protected":false},"author":1,"featured_media":0,"parent":0,"menu_order":0,"comment_status":"closed","ping_status":"closed","template":"","meta":{"kt_blocks_editor_width":"","footnotes":""},"class_list":["post-1100","page","type-page","status-publish","hentry"],"_links":{"self":[{"href":"https:\/\/eime.redcimates.org\/event\/wp-json\/wp\/v2\/pages\/1100","targetHints":{"allow":["GET"]}}],"collection":[{"href":"https:\/\/eime.redcimates.org\/event\/wp-json\/wp\/v2\/pages"}],"about":[{"href":"https:\/\/eime.redcimates.org\/event\/wp-json\/wp\/v2\/types\/page"}],"author":[{"embeddable":true,"href":"https:\/\/eime.redcimates.org\/event\/wp-json\/wp\/v2\/users\/1"}],"replies":[{"embeddable":true,"href":"https:\/\/eime.redcimates.org\/event\/wp-json\/wp\/v2\/comments?post=1100"}],"version-history":[{"count":1,"href":"https:\/\/eime.redcimates.org\/event\/wp-json\/wp\/v2\/pages\/1100\/revisions"}],"predecessor-version":[{"id":1101,"href":"https:\/\/eime.redcimates.org\/event\/wp-json\/wp\/v2\/pages\/1100\/revisions\/1101"}],"wp:attachment":[{"href":"https:\/\/eime.redcimates.org\/event\/wp-json\/wp\/v2\/media?parent=1100"}],"curies":[{"name":"wp","href":"https:\/\/api.w.org\/{rel}","templated":true}]}}