{"id":1108,"date":"2026-05-08T21:42:35","date_gmt":"2026-05-08T21:42:35","guid":{"rendered":"https:\/\/eime.redcimates.org\/event\/?page_id=1108"},"modified":"2026-05-08T21:42:35","modified_gmt":"2026-05-08T21:42:35","slug":"avances-de-investigacion-xxix","status":"publish","type":"page","link":"https:\/\/eime.redcimates.org\/event\/avances-de-investigacion-xxix\/","title":{"rendered":"Avances de Investigaci\u00f3n XXIX"},"content":{"rendered":"\n<p>Esta modalidad pretende dar a conocer los avances y propuestas de los investigadores, estudiantes y profesores de diferentes programas acad\u00e9micos, est\u00e1n realizando en la disciplina. La modalidad engloba las propuestas de Reporte de investigaci\u00f3n en torno a un objeto de estudio en Matem\u00e1tica Educativa que tiene relaci\u00f3n con la ense\u00f1anza y\/o el aprendizaje de las matem\u00e1ticas en escenarios escolares o en ambientes informales con fundamento te\u00f3rico y metodol\u00f3gicos.<\/p>\n\n\n\n<figure class=\"wp-block-gallery has-nested-images columns-default is-cropped wp-block-gallery-1 is-layout-flex wp-block-gallery-is-layout-flex\">\n<figure class=\"wp-block-image size-large\"><img decoding=\"async\" data-id=\"472\" src=\"https:\/\/eime.redcimates.org\/event\/wp-content\/uploads\/2021\/12\/WhatsApp-Image-2020-12-03-at-11.36.34-1-1024x640.jpeg\" alt=\"\" class=\"wp-image-472\"\/><\/figure>\n\n\n\n<figure class=\"wp-block-image size-large\"><img decoding=\"async\" data-id=\"473\" src=\"https:\/\/eime.redcimates.org\/event\/wp-content\/uploads\/2021\/12\/Bloque-2-3-12-20.--1024x640.png\" alt=\"\" class=\"wp-image-473\"\/><\/figure>\n\n\n\n<figure class=\"wp-block-image size-large\"><img decoding=\"async\" data-id=\"474\" src=\"https:\/\/eime.redcimates.org\/event\/wp-content\/uploads\/2021\/12\/Bloque-3-3-12-20-1024x640.png\" alt=\"\" class=\"wp-image-474\"\/><\/figure>\n\n\n\n<figure class=\"wp-block-image size-large\"><img decoding=\"async\" data-id=\"475\" src=\"https:\/\/eime.redcimates.org\/event\/wp-content\/uploads\/2021\/12\/WhatsApp-Image-2020-12-04-at-12.02.38-1024x576.jpeg\" alt=\"\" class=\"wp-image-475\"\/><\/figure>\n\n\n\n<figure class=\"wp-block-image size-large\"><img decoding=\"async\" data-id=\"476\" src=\"https:\/\/eime.redcimates.org\/event\/wp-content\/uploads\/2021\/12\/WhatsApp-Image-2020-12-04-at-17.15.39-1024x575.jpeg\" alt=\"\" class=\"wp-image-476\"\/><\/figure>\n<\/figure>\n\n\n<style>.wp-block-kadence-advancedheading.kt-adv-heading494_82ccc4-64, .wp-block-kadence-advancedheading.kt-adv-heading494_82ccc4-64[data-kb-block=\"kb-adv-heading494_82ccc4-64\"]{font-style:normal;}.wp-block-kadence-advancedheading.kt-adv-heading494_82ccc4-64 mark.kt-highlight, .wp-block-kadence-advancedheading.kt-adv-heading494_82ccc4-64[data-kb-block=\"kb-adv-heading494_82ccc4-64\"] mark.kt-highlight{font-style:normal;color:#f76a0c;-webkit-box-decoration-break:clone;box-decoration-break:clone;padding-top:0px;padding-right:0px;padding-bottom:0px;padding-left:0px;}.wp-block-kadence-advancedheading.kt-adv-heading494_82ccc4-64 img.kb-inline-image, .wp-block-kadence-advancedheading.kt-adv-heading494_82ccc4-64[data-kb-block=\"kb-adv-heading494_82ccc4-64\"] img.kb-inline-image{width:150px;vertical-align:baseline;}<\/style>\n<h3 class=\"kt-adv-heading494_82ccc4-64 wp-block-kadence-advancedheading\" data-kb-block=\"kb-adv-heading494_82ccc4-64\">Descargar aqu\u00ed plantilla de presentaci\u00f3n <\/h3>\n\n\n\n<div class=\"wp-block-file\"><a id=\"wp-block-file--media-6f4fe13c-5cdb-4ba3-b2e3-7c5c0b28ad18\" href=\"https:\/\/eime.redcimates.org\/event\/wp-content\/uploads\/2024\/11\/Plantilla-Base-EIME27.pptx\">Plantilla-Base-EIME27<\/a><a href=\"https:\/\/eime.redcimates.org\/event\/wp-content\/uploads\/2024\/11\/Plantilla-Base-EIME27.pptx\" class=\"wp-block-file__button wp-element-button\" download aria-describedby=\"wp-block-file--media-6f4fe13c-5cdb-4ba3-b2e3-7c5c0b28ad18\">Descarga<\/a><\/div>\n","protected":false},"excerpt":{"rendered":"<p>Esta modalidad pretende dar a conocer los avances y propuestas de los investigadores, estudiantes y profesores de diferentes programas acad\u00e9micos, est\u00e1n realizando en la disciplina. La modalidad engloba las propuestas de Reporte de investigaci\u00f3n en torno a un objeto de &hellip; <a href=\"https:\/\/eime.redcimates.org\/event\/avances-de-investigacion-xxix\/\">Continuar<\/a><\/p>\n","protected":false},"author":1,"featured_media":0,"parent":0,"menu_order":0,"comment_status":"closed","ping_status":"closed","template":"","meta":{"kt_blocks_editor_width":"","footnotes":""},"class_list":["post-1108","page","type-page","status-publish","hentry"],"_links":{"self":[{"href":"https:\/\/eime.redcimates.org\/event\/wp-json\/wp\/v2\/pages\/1108","targetHints":{"allow":["GET"]}}],"collection":[{"href":"https:\/\/eime.redcimates.org\/event\/wp-json\/wp\/v2\/pages"}],"about":[{"href":"https:\/\/eime.redcimates.org\/event\/wp-json\/wp\/v2\/types\/page"}],"author":[{"embeddable":true,"href":"https:\/\/eime.redcimates.org\/event\/wp-json\/wp\/v2\/users\/1"}],"replies":[{"embeddable":true,"href":"https:\/\/eime.redcimates.org\/event\/wp-json\/wp\/v2\/comments?post=1108"}],"version-history":[{"count":1,"href":"https:\/\/eime.redcimates.org\/event\/wp-json\/wp\/v2\/pages\/1108\/revisions"}],"predecessor-version":[{"id":1109,"href":"https:\/\/eime.redcimates.org\/event\/wp-json\/wp\/v2\/pages\/1108\/revisions\/1109"}],"wp:attachment":[{"href":"https:\/\/eime.redcimates.org\/event\/wp-json\/wp\/v2\/media?parent=1108"}],"curies":[{"name":"wp","href":"https:\/\/api.w.org\/{rel}","templated":true}]}}