{"id":1124,"date":"2026-05-08T23:16:58","date_gmt":"2026-05-08T23:16:58","guid":{"rendered":"https:\/\/eime.redcimates.org\/event\/?page_id=1124"},"modified":"2026-05-08T23:16:59","modified_gmt":"2026-05-08T23:16:59","slug":"materiales-didacticos-xxix","status":"publish","type":"page","link":"https:\/\/eime.redcimates.org\/event\/materiales-didacticos-xxix\/","title":{"rendered":"Materiales Did\u00e1cticos XXIX"},"content":{"rendered":"<style>.wp-block-kadence-advancedheading.kt-adv-heading432_02d1f1-32, .wp-block-kadence-advancedheading.kt-adv-heading432_02d1f1-32[data-kb-block=\"kb-adv-heading432_02d1f1-32\"]{text-align:center;font-style:normal;}.wp-block-kadence-advancedheading.kt-adv-heading432_02d1f1-32 mark.kt-highlight, .wp-block-kadence-advancedheading.kt-adv-heading432_02d1f1-32[data-kb-block=\"kb-adv-heading432_02d1f1-32\"] mark.kt-highlight{font-style:normal;color:#f76a0c;-webkit-box-decoration-break:clone;box-decoration-break:clone;padding-top:0px;padding-right:0px;padding-bottom:0px;padding-left:0px;}.wp-block-kadence-advancedheading.kt-adv-heading432_02d1f1-32 img.kb-inline-image, .wp-block-kadence-advancedheading.kt-adv-heading432_02d1f1-32[data-kb-block=\"kb-adv-heading432_02d1f1-32\"] img.kb-inline-image{width:150px;vertical-align:baseline;}<\/style>\n<h2 class=\"kt-adv-heading432_02d1f1-32 wp-block-kadence-advancedheading\" data-kb-block=\"kb-adv-heading432_02d1f1-32\">Bajo esta modalidad se presentan dise\u00f1os propios o modificaciones significativas de material did\u00e1ctico (concreto u objetos tecnol\u00f3gicos o digitales) propuestos como parte de estrategias de intervenci\u00f3n docente en la did\u00e1ctica de la matem\u00e1tica.<\/h2>\n\n\n\n<div class=\"wp-block-group\"><div class=\"wp-block-group__inner-container is-layout-constrained wp-block-group-is-layout-constrained\"><style>.wp-block-kadence-advancedgallery .kb-gallery-type-masonry.kb-gallery-id-432_6b17d0-11{margin:-5px;}.kb-gallery-type-masonry.kb-gallery-id-432_6b17d0-11 .kadence-blocks-gallery-item{padding:5px;}.kb-gallery-id-432_6b17d0-11 .kadence-blocks-gallery-item .kb-gal-image-radius, .kb-gallery-id-432_6b17d0-11 .kb-slide-item .kb-gal-image-radius img{border-radius:0px 0px 0px 0px;;}<\/style><div class=\"kb-gallery-wrap-id-432_6b17d0-11 alignnone wp-block-kadence-advancedgallery\"><ul class=\"kb-gallery-ul kb-gallery-non-static kb-gallery-type-masonry kb-masonry-init kb-gallery-id-432_6b17d0-11 kb-gallery-caption-style-bottom-hover kb-gallery-filter-none\" data-image-filter=\"none\" data-item-selector=\".kadence-blocks-gallery-item\" data-lightbox-caption=\"true\" data-columns-xxl=\"3\" data-columns-xl=\"3\" data-columns-md=\"3\" data-columns-sm=\"2\" data-columns-xs=\"1\" data-columns-ss=\"1\"><li class=\"kadence-blocks-gallery-item\" tabindex=\"0\"><div class=\"kadence-blocks-gallery-item-inner\"><figure class=\"kb-gallery-figure kadence-blocks-gallery-item-hide-caption\"><div class=\"kb-gal-image-radius\" style=\"max-width:1024px;\"><div class=\"kb-gallery-image-contain kadence-blocks-gallery-intrinsic\" style=\"padding-bottom:56%;\"><img loading=\"lazy\" decoding=\"async\" src=\"https:\/\/eime.redcimates.org\/event\/wp-content\/uploads\/2024\/11\/DSC07106-1024x575.jpg\" width=\"1024\" height=\"575\" alt=\"\" data-full-image=\"https:\/\/eime.redcimates.org\/event\/wp-content\/uploads\/2024\/11\/DSC07106-scaled.jpg\" data-light-image=\"https:\/\/eime.redcimates.org\/event\/wp-content\/uploads\/2024\/11\/DSC07106-scaled.jpg\" data-id=\"846\" class=\"wp-image-846\" srcset=\"https:\/\/eime.redcimates.org\/event\/wp-content\/uploads\/2024\/11\/DSC07106-1024x575.jpg 1024w, https:\/\/eime.redcimates.org\/event\/wp-content\/uploads\/2024\/11\/DSC07106-300x169.jpg 300w, https:\/\/eime.redcimates.org\/event\/wp-content\/uploads\/2024\/11\/DSC07106-768x432.jpg 768w, https:\/\/eime.redcimates.org\/event\/wp-content\/uploads\/2024\/11\/DSC07106-1536x863.jpg 1536w, https:\/\/eime.redcimates.org\/event\/wp-content\/uploads\/2024\/11\/DSC07106-2048x1151.jpg 2048w\" sizes=\"auto, (max-width: 1024px) 100vw, 1024px\" \/><\/div><\/div><\/figure><\/div><\/li><li class=\"kadence-blocks-gallery-item\" tabindex=\"0\"><div class=\"kadence-blocks-gallery-item-inner\"><figure class=\"kb-gallery-figure kadence-blocks-gallery-item-hide-caption\"><div class=\"kb-gal-image-radius\" style=\"max-width:1024px;\"><div class=\"kb-gallery-image-contain kadence-blocks-gallery-intrinsic\" style=\"padding-bottom:56%;\"><img loading=\"lazy\" decoding=\"async\" src=\"https:\/\/eime.redcimates.org\/event\/wp-content\/uploads\/2024\/11\/DSC07112-1024x575.jpg\" width=\"1024\" height=\"575\" alt=\"\" data-full-image=\"https:\/\/eime.redcimates.org\/event\/wp-content\/uploads\/2024\/11\/DSC07112-scaled.jpg\" data-light-image=\"https:\/\/eime.redcimates.org\/event\/wp-content\/uploads\/2024\/11\/DSC07112-scaled.jpg\" data-id=\"848\" class=\"wp-image-848\" srcset=\"https:\/\/eime.redcimates.org\/event\/wp-content\/uploads\/2024\/11\/DSC07112-1024x575.jpg 1024w, https:\/\/eime.redcimates.org\/event\/wp-content\/uploads\/2024\/11\/DSC07112-300x169.jpg 300w, https:\/\/eime.redcimates.org\/event\/wp-content\/uploads\/2024\/11\/DSC07112-768x432.jpg 768w, https:\/\/eime.redcimates.org\/event\/wp-content\/uploads\/2024\/11\/DSC07112-1536x863.jpg 1536w, https:\/\/eime.redcimates.org\/event\/wp-content\/uploads\/2024\/11\/DSC07112-2048x1151.jpg 2048w\" sizes=\"auto, (max-width: 1024px) 100vw, 1024px\" \/><\/div><\/div><\/figure><\/div><\/li><li class=\"kadence-blocks-gallery-item\" tabindex=\"0\"><div class=\"kadence-blocks-gallery-item-inner\"><figure class=\"kb-gallery-figure kadence-blocks-gallery-item-hide-caption\"><div class=\"kb-gal-image-radius\" style=\"max-width:1024px;\"><div class=\"kb-gallery-image-contain kadence-blocks-gallery-intrinsic\" style=\"padding-bottom:56%;\"><img loading=\"lazy\" decoding=\"async\" src=\"https:\/\/eime.redcimates.org\/event\/wp-content\/uploads\/2024\/11\/DSC07092-1024x575.jpg\" width=\"1024\" height=\"575\" alt=\"\" data-full-image=\"https:\/\/eime.redcimates.org\/event\/wp-content\/uploads\/2024\/11\/DSC07092-scaled.jpg\" data-light-image=\"https:\/\/eime.redcimates.org\/event\/wp-content\/uploads\/2024\/11\/DSC07092-scaled.jpg\" data-id=\"849\" class=\"wp-image-849\" srcset=\"https:\/\/eime.redcimates.org\/event\/wp-content\/uploads\/2024\/11\/DSC07092-1024x575.jpg 1024w, https:\/\/eime.redcimates.org\/event\/wp-content\/uploads\/2024\/11\/DSC07092-300x169.jpg 300w, https:\/\/eime.redcimates.org\/event\/wp-content\/uploads\/2024\/11\/DSC07092-768x432.jpg 768w, https:\/\/eime.redcimates.org\/event\/wp-content\/uploads\/2024\/11\/DSC07092-1536x863.jpg 1536w, https:\/\/eime.redcimates.org\/event\/wp-content\/uploads\/2024\/11\/DSC07092-2048x1151.jpg 2048w\" sizes=\"auto, (max-width: 1024px) 100vw, 1024px\" \/><\/div><\/div><\/figure><\/div><\/li><\/ul><\/div><\/div><\/div>\n\n\n<style>.wp-block-kadence-advancedheading.kt-adv-heading432_1ab0e7-de, .wp-block-kadence-advancedheading.kt-adv-heading432_1ab0e7-de[data-kb-block=\"kb-adv-heading432_1ab0e7-de\"]{font-style:normal;}.wp-block-kadence-advancedheading.kt-adv-heading432_1ab0e7-de mark.kt-highlight, .wp-block-kadence-advancedheading.kt-adv-heading432_1ab0e7-de[data-kb-block=\"kb-adv-heading432_1ab0e7-de\"] mark.kt-highlight{font-style:normal;color:#f76a0c;-webkit-box-decoration-break:clone;box-decoration-break:clone;padding-top:0px;padding-right:0px;padding-bottom:0px;padding-left:0px;}.wp-block-kadence-advancedheading.kt-adv-heading432_1ab0e7-de img.kb-inline-image, .wp-block-kadence-advancedheading.kt-adv-heading432_1ab0e7-de[data-kb-block=\"kb-adv-heading432_1ab0e7-de\"] img.kb-inline-image{width:150px;vertical-align:baseline;}<\/style>\n<h2 class=\"kt-adv-heading432_1ab0e7-de wp-block-kadence-advancedheading\" data-kb-block=\"kb-adv-heading432_1ab0e7-de\">Descargue aqu\u00ed plantilla de presentaci\u00f3n<\/h2>\n\n\n\n<div class=\"wp-block-file\"><a id=\"wp-block-file--media-2540f56f-6081-4d7f-a2b2-f06bd5dfe5fa\" href=\"https:\/\/eime.redcimates.org\/event\/wp-content\/uploads\/2024\/11\/Plantilla-Base-EIME27.pptx\">Plantilla-Base-EIME27<\/a><a href=\"https:\/\/eime.redcimates.org\/event\/wp-content\/uploads\/2024\/11\/Plantilla-Base-EIME27.pptx\" class=\"wp-block-file__button wp-element-button\" download aria-describedby=\"wp-block-file--media-2540f56f-6081-4d7f-a2b2-f06bd5dfe5fa\">Descarga<\/a><\/div>\n\n\n\n<p><\/p>\n","protected":false},"excerpt":{"rendered":"<p>Bajo esta modalidad se presentan dise\u00f1os propios o modificaciones significativas de material did\u00e1ctico (concreto u objetos tecnol\u00f3gicos o digitales) propuestos como parte de estrategias de intervenci\u00f3n docente en la did\u00e1ctica de la matem\u00e1tica. Descargue aqu\u00ed plantilla de presentaci\u00f3n<\/p>\n","protected":false},"author":1,"featured_media":0,"parent":0,"menu_order":0,"comment_status":"closed","ping_status":"closed","template":"","meta":{"kt_blocks_editor_width":"","footnotes":""},"class_list":["post-1124","page","type-page","status-publish","hentry"],"_links":{"self":[{"href":"https:\/\/eime.redcimates.org\/event\/wp-json\/wp\/v2\/pages\/1124","targetHints":{"allow":["GET"]}}],"collection":[{"href":"https:\/\/eime.redcimates.org\/event\/wp-json\/wp\/v2\/pages"}],"about":[{"href":"https:\/\/eime.redcimates.org\/event\/wp-json\/wp\/v2\/types\/page"}],"author":[{"embeddable":true,"href":"https:\/\/eime.redcimates.org\/event\/wp-json\/wp\/v2\/users\/1"}],"replies":[{"embeddable":true,"href":"https:\/\/eime.redcimates.org\/event\/wp-json\/wp\/v2\/comments?post=1124"}],"version-history":[{"count":1,"href":"https:\/\/eime.redcimates.org\/event\/wp-json\/wp\/v2\/pages\/1124\/revisions"}],"predecessor-version":[{"id":1125,"href":"https:\/\/eime.redcimates.org\/event\/wp-json\/wp\/v2\/pages\/1124\/revisions\/1125"}],"wp:attachment":[{"href":"https:\/\/eime.redcimates.org\/event\/wp-json\/wp\/v2\/media?parent=1124"}],"curies":[{"name":"wp","href":"https:\/\/api.w.org\/{rel}","templated":true}]}}