{"id":737,"date":"2024-05-16T22:36:25","date_gmt":"2024-05-16T22:36:25","guid":{"rendered":"https:\/\/eime.redcimates.org\/event\/?page_id=737"},"modified":"2024-05-16T23:01:45","modified_gmt":"2024-05-16T23:01:45","slug":"evento-eime-xxvi","status":"publish","type":"page","link":"https:\/\/eime.redcimates.org\/event\/evento-eime-xxvi\/","title":{"rendered":"Evento EIME XXVI"},"content":{"rendered":"\n<figure class=\"wp-block-table\"><table><tbody><tr><td><a href=\"https:\/\/eime.redcimates.org\/event\/comisiones-xxvi\/\">Comisiones<\/a><\/td><\/tr><tr><td><a href=\"https:\/\/eime.redcimates.org\/event\/conferencias-xxvi\/\">Conferencias<\/a><\/td><\/tr><tr><td><a href=\"https:\/\/eime.redcimates.org\/event\/programacion-xxvi\/\">Programaci\u00f3n<\/a><\/td><\/tr><tr><td><a href=\"https:\/\/eime.redcimates.org\/event\/reportes-de-investigacion-xxvi\/\">Ponencias &#8211; Reportes de Investigaci\u00f3n<\/a><\/td><\/tr><tr><td><a href=\"https:\/\/eime.redcimates.org\/event\/avances-de-investigacion-xxvi\/\">Ponencias &#8211; Avances de Investigaci\u00f3n<\/a><\/td><\/tr><tr><td><a href=\"https:\/\/eime.redcimates.org\/event\/experiencias-didacticas-xxvi\/\">Ponencias &#8211; Experiencias did\u00e1cticas<\/a><\/td><\/tr><tr><td><a href=\"https:\/\/eime.redcimates.org\/event\/laboratorios-xxvi\/\">Laboratorios<\/a><\/td><\/tr><tr><td><a href=\"https:\/\/eime.redcimates.org\/event\/seminarios-xxvi\/\">Seminarios<\/a><\/td><\/tr><tr><td><a href=\"https:\/\/eime.redcimates.org\/event\/seminario-de-doctorado-xxvi\/\">Seminario de Doctorado<\/a><\/td><\/tr><tr><td><a href=\"https:\/\/eime.redcimates.org\/event\/carteles-xxvi\/\">Carteles<\/a><\/td><\/tr><tr><td><a href=\"https:\/\/eime.redcimates.org\/event\/grupos-tematicos-xxvi\/\">Grupos tem\u00e1ticos<\/a><\/td><\/tr><tr><td><a href=\"https:\/\/eime.redcimates.org\/event\/materiales-didacticos-xxvi\/\">Materiales did\u00e1cticos<\/a><\/td><\/tr><tr><td><a href=\"https:\/\/eime.redcimates.org\/event\/presentacion-de-obras-xxvi\/\">Presentaci\u00f3n de Obras<\/a><\/td><\/tr><tr><td><a href=\"https:\/\/eime.redcimates.org\/event\/concurso-de-fotografia-xxvi\/\">Concurso de Fotograf\u00eda<\/a><\/td><\/tr><tr><td><a href=\"https:\/\/eime.redcimates.org\/event\/concurso-de-video-xxvi\/\">Concurso de Video<\/a><\/td><\/tr><\/tbody><\/table><\/figure>\n","protected":false},"excerpt":{"rendered":"<p>Comisiones Conferencias Programaci\u00f3n Ponencias &#8211; Reportes de Investigaci\u00f3n Ponencias &#8211; Avances de Investigaci\u00f3n Ponencias &#8211; Experiencias did\u00e1cticas Laboratorios Seminarios Seminario de Doctorado Carteles Grupos tem\u00e1ticos Materiales did\u00e1cticos Presentaci\u00f3n de Obras Concurso de Fotograf\u00eda Concurso de Video<\/p>\n","protected":false},"author":1,"featured_media":0,"parent":0,"menu_order":0,"comment_status":"closed","ping_status":"closed","template":"","meta":{"kt_blocks_editor_width":"","footnotes":""},"class_list":["post-737","page","type-page","status-publish","hentry"],"_links":{"self":[{"href":"https:\/\/eime.redcimates.org\/event\/wp-json\/wp\/v2\/pages\/737","targetHints":{"allow":["GET"]}}],"collection":[{"href":"https:\/\/eime.redcimates.org\/event\/wp-json\/wp\/v2\/pages"}],"about":[{"href":"https:\/\/eime.redcimates.org\/event\/wp-json\/wp\/v2\/types\/page"}],"author":[{"embeddable":true,"href":"https:\/\/eime.redcimates.org\/event\/wp-json\/wp\/v2\/users\/1"}],"replies":[{"embeddable":true,"href":"https:\/\/eime.redcimates.org\/event\/wp-json\/wp\/v2\/comments?post=737"}],"version-history":[{"count":3,"href":"https:\/\/eime.redcimates.org\/event\/wp-json\/wp\/v2\/pages\/737\/revisions"}],"predecessor-version":[{"id":775,"href":"https:\/\/eime.redcimates.org\/event\/wp-json\/wp\/v2\/pages\/737\/revisions\/775"}],"wp:attachment":[{"href":"https:\/\/eime.redcimates.org\/event\/wp-json\/wp\/v2\/media?parent=737"}],"curies":[{"name":"wp","href":"https:\/\/api.w.org\/{rel}","templated":true}]}}